{"id":18,"date":"2023-05-15T11:32:41","date_gmt":"2023-05-15T09:32:41","guid":{"rendered":"https:\/\/halozatmester.hu\/?page_id=18"},"modified":"2023-05-15T12:36:56","modified_gmt":"2023-05-15T10:36:56","slug":"kapcsolat","status":"publish","type":"page","link":"https:\/\/halozatmester.hu\/?page_id=18","title":{"rendered":"Kapcsolat"},"content":{"rendered":"<h2 class=\"wp-block-heading\">H\u00e1l\u00f3zatmester Kft.<\/h2>\n<p>C\u00edm: 2700 Cegl\u00e9d, Nefelejcs utca 59.<\/p>\n<p>Ad\u00f3sz\u00e1m: 32272417-2-13<\/p>\n<p>K\u00f6z\u00f6ss\u00e9gi ad\u00f3sz\u00e1m: HU32272417<\/p>\n<p>C\u00e9gjegyz\u00e9ksz\u00e1m: 13-09-227007<\/p>\n<p><strong class=\"privacy-policy-tutorial\">\u00a0<\/strong>A weboldalunk c\u00edme: https:\/\/halozatmester.hu<\/p>\n<p>email: info[kukac]halozatmester.hu<\/p>\n<p>Telefon: +36307293500<\/p>\n","protected":false},"excerpt":{"rendered":"<p>H\u00e1l\u00f3zatmester Kft. C\u00edm: 2700 Cegl\u00e9d, Nefelejcs utca 59. Ad\u00f3sz\u00e1m: 32272417-2-13 K\u00f6z\u00f6ss\u00e9gi ad\u00f3sz\u00e1m: HU32272417 C\u00e9gjegyz\u00e9ksz\u00e1m: 13-09-227007 \u00a0A weboldalunk c\u00edme: https:\/\/halozatmester.hu email: info[kukac]halozatmester.hu Telefon: +36307293500<\/p>\n","protected":false},"author":1,"featured_media":0,"parent":0,"menu_order":0,"comment_status":"closed","ping_status":"closed","template":"","meta":{"footnotes":""},"class_list":["post-18","page","type-page","status-publish","hentry"],"_links":{"self":[{"href":"https:\/\/halozatmester.hu\/index.php?rest_route=\/wp\/v2\/pages\/18","targetHints":{"allow":["GET"]}}],"collection":[{"href":"https:\/\/halozatmester.hu\/index.php?rest_route=\/wp\/v2\/pages"}],"about":[{"href":"https:\/\/halozatmester.hu\/index.php?rest_route=\/wp\/v2\/types\/page"}],"author":[{"embeddable":true,"href":"https:\/\/halozatmester.hu\/index.php?rest_route=\/wp\/v2\/users\/1"}],"replies":[{"embeddable":true,"href":"https:\/\/halozatmester.hu\/index.php?rest_route=%2Fwp%2Fv2%2Fcomments&post=18"}],"version-history":[{"count":2,"href":"https:\/\/halozatmester.hu\/index.php?rest_route=\/wp\/v2\/pages\/18\/revisions"}],"predecessor-version":[{"id":20,"href":"https:\/\/halozatmester.hu\/index.php?rest_route=\/wp\/v2\/pages\/18\/revisions\/20"}],"wp:attachment":[{"href":"https:\/\/halozatmester.hu\/index.php?rest_route=%2Fwp%2Fv2%2Fmedia&parent=18"}],"curies":[{"name":"wp","href":"https:\/\/api.w.org\/{rel}","templated":true}]}}